{"id":99,"date":"2024-06-17T12:42:51","date_gmt":"2024-06-17T10:42:51","guid":{"rendered":"https:\/\/nowa.rachunkowosc-pomost.pl\/?page_id=99"},"modified":"2024-06-17T13:21:56","modified_gmt":"2024-06-17T11:21:56","slug":"ksiegowosc-ngo","status":"publish","type":"page","link":"https:\/\/rachunkowosc-pomost.pl\/?page_id=99","title":{"rendered":"Ksi\u0119gowo\u015b\u0107 NGO"},"content":{"rendered":"\n<pre class=\"wp-block-preformatted\">Oferujemy prowadzenie <strong>ksi\u0105g rachunkowych<\/strong> dla stowarzysze\u0144, fundacji, sp\u00f3\u0142dzielni socjalnych. Zapraszamy organizacje zar\u00f3wno prowadz\u0105ce wy\u0142\u0105cznie <strong>nieodp\u0142atn\u0105 dzia\u0142alno\u015b\u0107 statutow\u0105<\/strong>, ale r\u00f3wnie\u017c te prowadz\u0105ce <strong>dzia\u0142alno\u015b\u0107 odp\u0142atn\u0105<\/strong> i\/lub <strong>gospodarcz\u0105<\/strong>.<br><br>Znamy dobrze specyfik\u0119 rozliczania <strong>r\u00f3\u017cnych \u017ar\u00f3de\u0142 finansowania<\/strong> dzia\u0142alno\u015bci organizacji \u2013 od <strong>sk\u0142adek i darowizn<\/strong> os\u00f3b prywatnych i firm, poprzez <strong>dotacje i zbi\u00f3rki publiczne<\/strong>, dochody z dzia\u0142alno\u015bci odp\u0142atnej i gospodarczej, przychody z mechanizmu <strong>1.5% dla OPP<\/strong> a\u017c po przychody ze sprzeda\u017cy maj\u0105tku i inne tym podobne.<br><br>Sporz\u0105dzamy rozliczenia dotacji, <strong>sprawozdania finansowe<\/strong> dla urz\u0119d\u00f3w i grantodawc\u00f3w a tak\u017ce obowi\u0105zkowe sprawozdania <strong>z dzia\u0142alno\u015bci OPP<\/strong>.<br><br>Obs\u0142ugujemy r\u00f3wnie\u017c <strong>sprawy kadrowe<\/strong>, rozliczenia z <strong>ZUS<\/strong>em i <strong>PeFRONem<\/strong><br><br>Zapraszamy do kontaktu celem om\u00f3wienia szczeg\u00f3\u0142\u00f3w wsp\u00f3\u0142pracy a tak\u017ce do zapoznania si\u0119 z orientacyjnym kosztem naszych us\u0142ug w zak\u0142adce <a href=\"https:\/\/rachunkowosc-pomost.pl\/?page_id=126\" data-type=\"page\" data-id=\"126\">Cennik<\/a><br><\/pre>\n","protected":false},"excerpt":{"rendered":"<p>Oferujemy prowadzenie ksi\u0105g rachunkowych dla stowarzysze\u0144, fundacji, sp\u00f3\u0142dzielni socjalnych. Zapraszamy organizacje zar\u00f3wno prowadz\u0105ce wy\u0142\u0105cznie nieodp\u0142atn\u0105 dzia\u0142alno\u015b\u0107 statutow\u0105, ale r\u00f3wnie\u017c te prowadz\u0105ce dzia\u0142alno\u015b\u0107 odp\u0142atn\u0105 i\/lub gospodarcz\u0105.Znamy dobrze specyfik\u0119 rozliczania r\u00f3\u017cnych \u017ar\u00f3de\u0142 finansowania dzia\u0142alno\u015bci organizacji \u2013 od sk\u0142adek i darowizn os\u00f3b prywatnych i firm, poprzez dotacje i zbi\u00f3rki publiczne, dochody z dzia\u0142alno\u015bci odp\u0142atnej i gospodarczej, przychody z [&hellip;]<\/p>\n","protected":false},"author":1,"featured_media":35,"parent":0,"menu_order":0,"comment_status":"closed","ping_status":"closed","template":"","meta":{"footnotes":""},"class_list":["post-99","page","type-page","status-publish","has-post-thumbnail","hentry"],"_links":{"self":[{"href":"https:\/\/rachunkowosc-pomost.pl\/index.php?rest_route=\/wp\/v2\/pages\/99","targetHints":{"allow":["GET"]}}],"collection":[{"href":"https:\/\/rachunkowosc-pomost.pl\/index.php?rest_route=\/wp\/v2\/pages"}],"about":[{"href":"https:\/\/rachunkowosc-pomost.pl\/index.php?rest_route=\/wp\/v2\/types\/page"}],"author":[{"embeddable":true,"href":"https:\/\/rachunkowosc-pomost.pl\/index.php?rest_route=\/wp\/v2\/users\/1"}],"replies":[{"embeddable":true,"href":"https:\/\/rachunkowosc-pomost.pl\/index.php?rest_route=%2Fwp%2Fv2%2Fcomments&post=99"}],"version-history":[{"count":2,"href":"https:\/\/rachunkowosc-pomost.pl\/index.php?rest_route=\/wp\/v2\/pages\/99\/revisions"}],"predecessor-version":[{"id":351,"href":"https:\/\/rachunkowosc-pomost.pl\/index.php?rest_route=\/wp\/v2\/pages\/99\/revisions\/351"}],"wp:featuredmedia":[{"embeddable":true,"href":"https:\/\/rachunkowosc-pomost.pl\/index.php?rest_route=\/wp\/v2\/media\/35"}],"wp:attachment":[{"href":"https:\/\/rachunkowosc-pomost.pl\/index.php?rest_route=%2Fwp%2Fv2%2Fmedia&parent=99"}],"curies":[{"name":"wp","href":"https:\/\/api.w.org\/{rel}","templated":true}]}}